ided by d?
3
Let n(r) = -17*r + 174. What is the remainder when 11 is divided by n(10)?
3
Calculate the remainder when 140 is divided by (-325)/(-10)*4/10.
10
Let k(a) = 20*a - 25. Let f be k(5). Let g = -50 + f. Let v(w) = 4*w - 7. What is the remainder when g is divided by v(5)?
12
Suppose 5*o + 11 = -4. Calculate the remainder when (-1)/(((-2)/(-9))/(-3 + o)) is divided by 8.
3
Let g = 4 - -2. Suppose -18 = g*n - 126. Suppose 4*q - 10 = n. What is the remainder when 26 is divided by q?
5
Let p(x) = -x**3 - x + 14. Let k be p(0). Let g = k - -9. What is the remainder when (5/2)/((-6)/(-108)) is divided by g?
22
Let z be 2 - -1 - 3/1. Suppose 4*y = 2*x + 14, x - 3*y = -z*x - 10. What is the remainder when 31 is divided by 1/x + -1 + 13?
9
Let d(n) = -n**2 - 3*n + 2. Let q(u) = u**2 + 4*u - 1. Let b(r) = -4*d(r) - 5*q(r). Let k = 50 - 0. What is the remainder when k is divided by b(-4)?
11
Let k = -378 + 394. Calculate the remainder when 30 is divided by k.
14
Let s = -212 - -252. What is the remainder when 114 is divided by s?
34
Calculate the remainder when (8 - 68/8)*-124 is divided by 19.
5
Suppose -m = -1, 3 + 8 = 2*h - m. Suppose -h*i + 22 = -4*i. Suppose 2*z - 5*p = 1, 4*z - 3*z + 3*p = 6. What is the remainder when i is divided by z?
2
Suppose 4*y - 373 = 231. Let o = 258 - y. Suppose 1 = -2*j + 3*p + 46, p - 111 = -4*j. Calculate the remainder when o is divided by j.
26
Calculate the remainder when (406/6 - 0)*(-101 + 104) is divided by 53.
44
Suppose b - 15 = 6*b. Let k = b + 90. Calculate the remainder when k is divided by 23.
18
Suppose 178 = 6*j + 46. Let y = j + -13. Suppose g - y = 7. What is the remainder when 31 is divided by g?
15
Let j be 3/12 + 6/(-24). Let g(d) be the second derivative of d**3/6 + 4*d**2 - 2*d. What is the remainder when 13 is divided by g(j)?
5
Let q(z) = 3*z**2 - 60*z + 17. What is the remainder when q(21) is divided by 12?
8
Suppose -96 - 116 = -4*b. Let j = b - 23. What is the remainder when (-2)/(-5) + 583/5 is divided by j?
27
Let u(g) = 2*g**2 + 3. Let x(b) = -3*b - 28. Let l be x(-10). Suppose -l*k + 62 = 4*j, -3*j + k = -0*k - 39. Calculate the remainder when u(-5) is divided by j.
11
Let m be (-4)/16 + 2/8. Suppose b - 2*b + 164 = m. What is the remainder when b is divided by 33?
32
Suppose -36*h = -23*h - 2665. Calculate the remainder when h is divided by 121.
84
Suppose -24 = 10*r - 54. Suppose -n = r*n - 824. What is the remainder when n is divided by 69?
68
Suppose -41 + 65 = 8*p. Let m(r) = -r**2 + 6*r - 4. Calculate the remainder when m(3) is divided by p.
2
Let b(f) = -f**2 - 8*f + 15. Let q be b(-9). Suppose 331 - 13 = q*y. Calculate the remainder when y is divided by 19.
15
Let w(p) = p**3 - 13*p**2 + 2*p + 22. What is the remainder when w(13) is divided by 27?
21
Suppose -375 - 101 = -4*x. Let u be 6/10 + x/35. Suppose 6 = q - u*i - 7, 3*i = 4*q - 39. What is the remainder when 15 is divided by q?
6
Suppose m - 10 = -v, 7*m = -2*v + 9*m + 20. What is the remainder when 58 is divided by v?
8
Suppose -816*x = -810*x - 78. Calculate the remainder when 76 is divided by x.
11
Let t(m) = m**2 - 35*m + 61. Calculate the remainder when t(34) is divided by 17.
10
Suppose 43 = 2*u - 25. Let x(q) = 13*q + 5. Let p = -42 + 43. What is the remainder when u is divided by x(p)?
16
Let i(p) = -2*p**3 - 13*p**2 - 9*p - 10. What is the remainder when 453 is divided by i(-6)?
5
Let l be (19 + -1)*(-5)/((-20)/114). Suppose 3*u + 5*n + 16 = u, n = 2*u - 8. Calculate the remainder when 74 is divided by (u/(-6))/((-9)/l).
17
Calculate the remainder when 1151 is divided by (15 - 12)/((-5)/(-15)).
8
Let w be 10 + -1 + -4 - -1. Let j(c) = 4 + c**2 - 4*c + 5 - 5. What is the remainder when j(w) is divided by 10?
6
Suppose 3*v = 3*c - 747, 2 = -4*c + 5*v + 993. Suppose 2*t - c = -4*j, t = 5*t - 5*j - 495. Let x = t - 59. What is the remainder when x is divided by 17?
15
What is the remainder when 186 is divided by 1484/(-53)*(-6)/4 + 6?
42
Suppose 5*j + 7 = 3*i, -5*i + 4*j + 22 = -7. Let s(h) = -3*h**2 + 33*h + 5. What is the remainder when s(10) is divided by i?
8
Let p be 2/(-2) + 7 + -2. Suppose 1 = 4*q - q - 4*u, q + 5 = p*u. Suppose 2*a - q*a = -3. Calculate the remainder when a is divided by 3.
0
Let d(n) = -n**3 + 10*n**2 - 2*n + 5. Let i = 2 + 17. What is the remainder when d(4) is divided by i?
17
Suppose -16*g + 1534 - 1214 = 0. Calculate the remainder when 29 is divided by g.
9
Let u be (-3)/((4 + -1)/(-3)). Let s(k) = k**3 - 2*k**2 - 1. Let o be s(u). Suppose b + b = o. Calculate the remainder when b is divided by 2.
0
Suppose -84*y - 288 = -93*y. Suppose 186 = 3*o + 3*d, -4*d - 240 = -6*o + 2*o. What is the remainder when o is divided by y?
29
Let c = 95 + -106. Let z(x) = -x**3 - 9*x**2 + 22*x + 11. What is the remainder when 52 is divided by z(c)?
8
Let u = 983 - 901. Calculate the remainder when u is divided by 30.
22
Let h = 101 - 44. What is the remainder when 190 is divided by h?
19
Suppose j + 4 = 6. Suppose j*m = 187 + 1. Calculate the remainder when m is divided by 24.
22
Suppose 0 = -25*f + 1005 + 3270. Calculate the remainder when f is divided by 29.
26
Let z = -130 + 165. Let d(t) = t**3 + 8*t**2 - 12*t - 9. Calculate the remainder when z is divided by d(-9).
17
Let a = -46 - -145. What is the remainder when 195 is divided by a?
96
Let t(v) = 9*v + 1. Let u be t(1). Let k(r) = r - 8. Let w be k(u). What is the remainder when 2*w/(-8)*-62 is divided by 16?
15
Suppose -125*k + 123*k = -48. What is the remainder when k is divided by 5?
4
Suppose 18*c = 20*c + 5*w - 80, -46 = -c - 4*w. Let x = -13 + 24. What is the remainder when c is divided by x?
8
Let r(k) = 6*k**2 - 4*k + 3. What is the remainder when r(-6) is divided by 85?
73
What is the remainder when (-13 - (-23738)/165) + (-4)/(-30) is divided by 60?
11
Suppose -5*t - 1121 = -136. Let i = -135 - t. What is the remainder when i is divided by (22/11)/((-2)/(-16)*1)?
14
Let b = 1506 - 1219. Calculate the remainder when b is divided by 33.
23
Suppose 16*k - 10 = 14*k. Calculate the remainder when 15 is divided by k.
0
Suppose -6*u - 57 = -9*u. Let a be 8/3 - (-8)/24. Suppose f + 20 = 3*f - 2*m, 4*f + a*m = 47. What is the remainder when u is divided by f?
8
Let r = -30 + 20. What is the remainder when (-47)/4*(-6*4)/6 is divided by (-6)/(-15) - 116/r?
11
Let n = 6 - 1. Suppose 5*c - 21 = n*k - 2*k, 5*c + 4*k = 7. Calculate the remainder when c is divided by 3.
0
Let s(t) = t**2 - 3. Suppose 5*z + 12 = 82. Suppose -3*l + z = y, 3*y = 2 + 4. Calculate the remainder when 36 is divided by s(l).
10
Let s(y) = y**3 - 4*y**2 - 5*y - 10. Let g be s(5). Let d be ((-1)/(-2))/(5/g). What is the remainder when 32 is divided by 1 + 0 - (-17 - d)?
15
Suppose q - 331 = 3*p - 7*p, 3*q + 435 = 5*p. Calculate the remainder when p is divided by 24.
12
Let y = -6 + 15. Let x = -18 + y. Let c = x - -33. What is the remainder when 93 is divided by c?
21
Suppose 4*m = -5*s - 5, m = -0*s + 2*s - 11. Let c(p) = -5*p + 2. Let x = -15 - -14. What is the remainder when c(x) is divided by s?
1
What is the remainder when 109 is divided by ((-2)/(-4))/((18/228)/3)?
14
Suppose 2*l - 10*l + 352 = 0. Calculate the remainder when 118 is divided by l.
30
Suppose -2*m + 3*m + 2 = 0. Let a(n) = -n**3 - 2*n - 2. Suppose -5*r = -2*l + 41, -l + 4*r = -25 + 9. Calculate the remainder when l is divided by a(m).
8
Let i(g) = g**3 - 5*g**2 + 8*g - 6. Suppose 1690 - 620 = 47*p - 1938. What is the remainder when p is divided by i(5)?
30
Let f(p) = 2*p**2 - 10*p - 6. Let r be ((-24)/(-14))/((-16)/(-56)). What is the remainder when 17 is divided by f(r)?
5
Let m(u) = u**2 - 9*u - 23. Let l be m(17). Let z = -71 + l. Calculate the remainder when z is divided by 15.
12
Let k = -1920 + 1992. Let w(s) = -s**3 + 8*s**2 - 9*s + 1. What is the remainder when k is divided by w(6)?
15
Let b(r) = -5*r - 2. Let t be (-5 - -6)/(-1 + 0). Let l be b(t). What is the remainder when (l/(-6))/(3/(-78)) is divided by 8?
5
What is the remainder when 422 is divided by (((-220)/6)/5)/((-26)/117)?
26
Suppose -29*d + 96 = -25*d. Suppose -3*j + d = -3*y, j - y + 16 = 2*j. What is the remainder when j is divided by 7?
5
Let c(p) = 2*p**2 + 12*p - 6. Let r be c(-6). What is the remainder when (5*(4 + 0))/1 i